{"id":303,"date":"2025-03-31T14:59:05","date_gmt":"2025-03-31T12:59:05","guid":{"rendered":"https:\/\/fabecimo.fr\/?page_id=303"},"modified":"2025-03-31T14:59:05","modified_gmt":"2025-03-31T12:59:05","slug":"mentions-legales","status":"publish","type":"page","link":"https:\/\/fabecimo.fr\/index.php\/mentions-legales\/","title":{"rendered":"Mentions L\u00e9gales"},"content":{"rendered":"\n<p>Conform\u00e9ment aux dispositions de la loi n\u00b0 2004-575 du 21 juin 2004 pour la confiance en l&rsquo;\u00e9conomie num\u00e9rique, il est pr\u00e9cis\u00e9 aux utilisateurs du site&nbsp;otoulouseconciergerie&nbsp;l&rsquo;identit\u00e9 des diff\u00e9rents intervenants dans le cadre de sa r\u00e9alisation et de son suivi.<\/p>\n\n\n\n<p>Edition du site&nbsp;<\/p>\n\n\n\n<p>Le pr\u00e9sent site, accessible \u00e0 l\u2019URL <a href=\"https:\/\/fabecimo.fr\/\">https:\/\/fabecimo.fr\/<\/a> (le \u00ab Site \u00bb), est \u00e9dit\u00e9 par :<\/p>\n\n\n\n<p><br>monsite\u00a0en ligne, soci\u00e9t\u00e9 au capital de 100 euros, inscrite au R.C.S. de EVRY sous le num\u00e9ro EVRY B\u00a0<a href=\"tel:898 747 225\">898 747 225<\/a>, dont le si\u00e8ge social est situ\u00e9 au 7 RUE DES ANEMONES 91270 VIGNEUX SUR SEINE, repr\u00e9sent\u00e9(e) par Aziza KHELFA d\u00fbment habilit\u00e9(e)<\/p>\n\n\n\n<p>H\u00e9bergement<\/p>\n\n\n\n<p><br>Le Site est h\u00e9berg\u00e9 par la soci\u00e9t\u00e9 OVH, situ\u00e9&nbsp;Au 2 rue Kellermann &#8211; 59100 Roubaix &#8211; France<\/p>\n\n\n\n<p>Directeur de publication&nbsp;<\/p>\n\n\n\n<p><br>Le Directeur de la publication du Site est Aziza Khelfa\u00a0.<\/p>\n\n\n\n<p>Nous contacter&nbsp;<\/p>\n\n\n\n<p><br>Par t\u00e9l\u00e9phone&nbsp;: +33667919278<\/p>\n\n\n\n<p>Par\u00a0email\u00a0:\u00a0contact@fabecimo.fr<\/p>\n\n\n\n<p>Par courrier&nbsp;:&nbsp;193 vieux chemin des&nbsp;Pindouls, 3162 Villeneuve les Bouloc<\/p>\n","protected":false},"excerpt":{"rendered":"<p>Conform\u00e9ment aux dispositions de la loi n\u00b0 2004-575 du 21 juin 2004 pour la confiance en l&rsquo;\u00e9conomie num\u00e9rique, il est pr\u00e9cis\u00e9 aux utilisateurs du site&nbsp;otoulouseconciergerie&nbsp;l&rsquo;identit\u00e9 des diff\u00e9rents intervenants dans le cadre de sa r\u00e9alisation et de son suivi. Edition du site&nbsp; Le pr\u00e9sent site, accessible \u00e0 l\u2019URL https:\/\/fabecimo.fr\/ (le \u00ab Site \u00bb), est \u00e9dit\u00e9 par [&hellip;]<\/p>\n","protected":false},"author":1,"featured_media":0,"parent":0,"menu_order":0,"comment_status":"closed","ping_status":"closed","template":"","meta":{"_et_pb_use_builder":"off","_et_pb_old_content":"","_et_gb_content_width":"","footnotes":""},"class_list":["post-303","page","type-page","status-publish","hentry"],"_links":{"self":[{"href":"https:\/\/fabecimo.fr\/index.php\/wp-json\/wp\/v2\/pages\/303","targetHints":{"allow":["GET"]}}],"collection":[{"href":"https:\/\/fabecimo.fr\/index.php\/wp-json\/wp\/v2\/pages"}],"about":[{"href":"https:\/\/fabecimo.fr\/index.php\/wp-json\/wp\/v2\/types\/page"}],"author":[{"embeddable":true,"href":"https:\/\/fabecimo.fr\/index.php\/wp-json\/wp\/v2\/users\/1"}],"replies":[{"embeddable":true,"href":"https:\/\/fabecimo.fr\/index.php\/wp-json\/wp\/v2\/comments?post=303"}],"version-history":[{"count":1,"href":"https:\/\/fabecimo.fr\/index.php\/wp-json\/wp\/v2\/pages\/303\/revisions"}],"predecessor-version":[{"id":304,"href":"https:\/\/fabecimo.fr\/index.php\/wp-json\/wp\/v2\/pages\/303\/revisions\/304"}],"wp:attachment":[{"href":"https:\/\/fabecimo.fr\/index.php\/wp-json\/wp\/v2\/media?parent=303"}],"curies":[{"name":"wp","href":"https:\/\/api.w.org\/{rel}","templated":true}]}}